{"id":493,"date":"2014-03-22T23:42:41","date_gmt":"2014-03-22T23:42:41","guid":{"rendered":"http:\/\/naehchstenliebe.de\/?page_id=493"},"modified":"2014-10-14T14:11:40","modified_gmt":"2014-10-14T14:11:40","slug":"dinkelkissen","status":"publish","type":"page","link":"http:\/\/naehchstenliebe.de\/?page_id=493","title":{"rendered":"Dinkelkissen"},"content":{"rendered":"<div class=\"fcbkbttn_buttons_block\" id=\"fcbkbttn_left\"><div class=\"fcbkbttn_like \"><fb:like href=\"http:\/\/naehchstenliebe.de\/?page_id=493\" action=\"like\" colorscheme=\"light\" layout=\"button_count\"  size=\"small\"><\/fb:like><\/div><\/div><p><a href=\"http:\/\/naehchstenliebe.de\/wp-content\/uploads\/2014\/03\/Dinkelkissen-Leaf-and-lemon.jpg\"><img loading=\"lazy\" decoding=\"async\" class=\" wp-image-488 alignleft\" title=\"Dinkelkissen Leaf &amp; Lemon\" src=\"http:\/\/naehchstenliebe.de\/wp-content\/uploads\/2014\/03\/Dinkelkissen-Leaf-and-lemon-300x224.jpg\" alt=\"Dinkelkissen Leaf and lemon\" width=\"300\" height=\"224\" srcset=\"http:\/\/naehchstenliebe.de\/wp-content\/uploads\/2014\/03\/Dinkelkissen-Leaf-and-lemon-300x224.jpg 300w, http:\/\/naehchstenliebe.de\/wp-content\/uploads\/2014\/03\/Dinkelkissen-Leaf-and-lemon-1024x767.jpg 1024w, http:\/\/naehchstenliebe.de\/wp-content\/uploads\/2014\/03\/Dinkelkissen-Leaf-and-lemon-400x300.jpg 400w\" sizes=\"auto, (max-width: 300px) 100vw, 300px\" \/><\/a><\/p>\n<p><strong><em>Dinkelkissen &#8222;Leaf and lemon&#8220;<\/em><\/strong><\/p>\n<p style=\"text-align: justify;\">Dieses Kissen ist ein Wunsch meiner Mutter gewesen, die sehr begeistert davon war und unbedingt auch eins haben wollte \ud83d\ude42<\/p>\n<p><a href=\"http:\/\/naehchstenliebe.de\/wp-content\/uploads\/2014\/03\/Dinkelkissen.jpg\"><img loading=\"lazy\" decoding=\"async\" class=\"size-medium wp-image-494 alignleft\" title=\"Dinkelkissen &quot;circles&quot;\" src=\"http:\/\/naehchstenliebe.de\/wp-content\/uploads\/2014\/03\/Dinkelkissen-300x224.jpg\" alt=\"Dinkelkissen &quot;circles&quot;\" width=\"300\" height=\"224\" srcset=\"http:\/\/naehchstenliebe.de\/wp-content\/uploads\/2014\/03\/Dinkelkissen-300x224.jpg 300w, http:\/\/naehchstenliebe.de\/wp-content\/uploads\/2014\/03\/Dinkelkissen-1024x767.jpg 1024w, http:\/\/naehchstenliebe.de\/wp-content\/uploads\/2014\/03\/Dinkelkissen-400x300.jpg 400w\" sizes=\"auto, (max-width: 300px) 100vw, 300px\" \/><\/a><\/p>\n<p>&nbsp;<\/p>\n<p>&nbsp;<\/p>\n<p style=\"text-align: justify;\"><strong><em>Dinkelkissen &#8222;Circles&#8220;<\/em><\/strong><\/p>\n<p style=\"text-align: justify;\">Dieses Kissen ist bereits mehrfach im Umlauf. Viele fanden den Stoff super und wollten unbedingt auch so eines haben.<\/p>\n<p>&nbsp;<\/p>\n<p>&nbsp;<\/p>\n<p style=\"text-align: justify;\"><a href=\"http:\/\/naehchstenliebe.de\/wp-content\/uploads\/2014\/03\/Dinkelkissen-Autumn-Curves.jpg\"><img loading=\"lazy\" decoding=\"async\" class=\"alignleft wp-image-913 size-medium\" src=\"http:\/\/naehchstenliebe.de\/wp-content\/uploads\/2014\/03\/Dinkelkissen-Autumn-Curves-300x274.jpg\" alt=\"Autumn Curves\" width=\"300\" height=\"274\" srcset=\"http:\/\/naehchstenliebe.de\/wp-content\/uploads\/2014\/03\/Dinkelkissen-Autumn-Curves-300x274.jpg 300w, http:\/\/naehchstenliebe.de\/wp-content\/uploads\/2014\/03\/Dinkelkissen-Autumn-Curves-1024x937.jpg 1024w, http:\/\/naehchstenliebe.de\/wp-content\/uploads\/2014\/03\/Dinkelkissen-Autumn-Curves-327x300.jpg 327w\" sizes=\"auto, (max-width: 300px) 100vw, 300px\" \/><\/a><\/p>\n<p style=\"text-align: justify;\"><em><strong>Dinkelkissen &#8222;Autumn Curves&#8220;<\/strong><\/em><\/p>\n<p style=\"text-align: justify;\">Dieses Kissen wird ein Geschenk f\u00fcr eine \u00e4ltere Dame sein, die \u00fcber R\u00fcckenschmerzen klagt und ein W\u00e4rmekissen m\u00f6chte.<\/p>\n<p>&nbsp;<\/p>\n<p>&nbsp;<\/p>\n<p>&nbsp;<\/p>\n<p style=\"text-align: justify;\"><a href=\"http:\/\/naehchstenliebe.de\/wp-content\/uploads\/2014\/10\/Walking-Leaf.jpg\"><img loading=\"lazy\" decoding=\"async\" class=\"alignleft wp-image-937 size-medium\" src=\"http:\/\/naehchstenliebe.de\/wp-content\/uploads\/2014\/10\/Walking-Leaf-225x300.jpg\" alt=\"Walking Leaf\" width=\"225\" height=\"300\" srcset=\"http:\/\/naehchstenliebe.de\/wp-content\/uploads\/2014\/10\/Walking-Leaf-225x300.jpg 225w, http:\/\/naehchstenliebe.de\/wp-content\/uploads\/2014\/10\/Walking-Leaf-768x1024.jpg 768w, http:\/\/naehchstenliebe.de\/wp-content\/uploads\/2014\/10\/Walking-Leaf.jpg 1224w\" sizes=\"auto, (max-width: 225px) 100vw, 225px\" \/><\/a><\/p>\n<p style=\"text-align: justify;\"><em><strong>Dinkelkissen &#8222;Walking Leaf&#8220;<\/strong><\/em><\/p>\n<p style=\"text-align: justify;\">Diese zwei Dinkelkissen sind f\u00fcr Mutter und Tochter entstanden. Gleiche Stoffwahl, allerdings mit unterschiedlichen Aufh\u00e4ngern: eines mit Wanne-Eickel-Webband, das andere mit Ruhrpott-Webband<\/p>\n","protected":false},"excerpt":{"rendered":"<p>Dinkelkissen &#8222;Leaf and lemon&#8220; Dieses Kissen ist ein Wunsch meiner Mutter gewesen, die sehr begeistert davon war und unbedingt auch eins haben wollte \ud83d\ude42 &nbsp; &nbsp; Dinkelkissen &#8222;Circles&#8220; Dieses Kissen ist bereits mehrfach im Umlauf. Viele fanden den Stoff super &hellip; <a href=\"http:\/\/naehchstenliebe.de\/?page_id=493\">Weiterlesen <span class=\"meta-nav\">&rarr;<\/span><\/a><\/p>\n","protected":false},"author":2,"featured_media":0,"parent":0,"menu_order":0,"comment_status":"closed","ping_status":"open","template":"","meta":{"footnotes":""},"class_list":["post-493","page","type-page","status-publish","hentry"],"_links":{"self":[{"href":"http:\/\/naehchstenliebe.de\/index.php?rest_route=\/wp\/v2\/pages\/493","targetHints":{"allow":["GET"]}}],"collection":[{"href":"http:\/\/naehchstenliebe.de\/index.php?rest_route=\/wp\/v2\/pages"}],"about":[{"href":"http:\/\/naehchstenliebe.de\/index.php?rest_route=\/wp\/v2\/types\/page"}],"author":[{"embeddable":true,"href":"http:\/\/naehchstenliebe.de\/index.php?rest_route=\/wp\/v2\/users\/2"}],"replies":[{"embeddable":true,"href":"http:\/\/naehchstenliebe.de\/index.php?rest_route=%2Fwp%2Fv2%2Fcomments&post=493"}],"version-history":[{"count":7,"href":"http:\/\/naehchstenliebe.de\/index.php?rest_route=\/wp\/v2\/pages\/493\/revisions"}],"predecessor-version":[{"id":952,"href":"http:\/\/naehchstenliebe.de\/index.php?rest_route=\/wp\/v2\/pages\/493\/revisions\/952"}],"wp:attachment":[{"href":"http:\/\/naehchstenliebe.de\/index.php?rest_route=%2Fwp%2Fv2%2Fmedia&parent=493"}],"curies":[{"name":"wp","href":"https:\/\/api.w.org\/{rel}","templated":true}]}}