{"id":29,"date":"2014-02-17T20:40:22","date_gmt":"2014-02-17T20:40:22","guid":{"rendered":"http:\/\/naehchstenliebe.de\/?page_id=29"},"modified":"2014-02-23T20:56:50","modified_gmt":"2014-02-23T20:56:50","slug":"tipps-tricks","status":"publish","type":"page","link":"http:\/\/naehchstenliebe.de\/?page_id=29","title":{"rendered":"Tipps &#038; Tricks"},"content":{"rendered":"<div class=\"fcbkbttn_buttons_block\" id=\"fcbkbttn_left\"><div class=\"fcbkbttn_like \"><fb:like href=\"http:\/\/naehchstenliebe.de\/?page_id=29\" action=\"like\" colorscheme=\"light\" layout=\"button_count\"  size=\"small\"><\/fb:like><\/div><\/div><p style=\"text-align:justify\">Hier findet ihr meine kleinen Tricks und Tipps zum N\u00e4hen, sowie kleine Erkl\u00e4rungen.<\/p>\n<p style=\"text-align:justify\">Au\u00dferdem m\u00f6chte ich unter diesem Punkt auch mein N\u00e4hlexikon vorstellen, welches ich auch mit eurer Hilfe vervollst\u00e4ndigen und verbessern m\u00f6chte.<\/p>\n<p style=\"text-align:justify\">Sowohl f\u00fcr Tricks und Tipps bin ich offen, als auch f\u00fcr Begriffserl\u00e4uterungen. Schickt mir einfach eine Mail!<\/p>\n<p><a href=\"http:\/\/naehchstenliebe.de\/?page_id=142\"><span class=\"nl-subcategory-link-title\">Tipps &amp; Tricks zum N&auml;hen<\/span><\/a><br \/>\n<a href=\"http:\/\/naehchstenliebe.de\/?page_id=116\"><span class=\"nl-subcategory-link-title\">N\u00e4hlexikon<\/span><\/a><\/p>\n","protected":false},"excerpt":{"rendered":"<p>Hier findet ihr meine kleinen Tricks und Tipps zum N\u00e4hen, sowie kleine Erkl\u00e4rungen. Au\u00dferdem m\u00f6chte ich unter diesem Punkt auch mein N\u00e4hlexikon vorstellen, welches ich auch mit eurer Hilfe vervollst\u00e4ndigen und verbessern m\u00f6chte. Sowohl f\u00fcr Tricks und Tipps bin ich &hellip; <a href=\"http:\/\/naehchstenliebe.de\/?page_id=29\">Weiterlesen <span class=\"meta-nav\">&rarr;<\/span><\/a><\/p>\n","protected":false},"author":1,"featured_media":0,"parent":0,"menu_order":0,"comment_status":"closed","ping_status":"closed","template":"","meta":{"footnotes":""},"class_list":["post-29","page","type-page","status-publish","hentry"],"_links":{"self":[{"href":"http:\/\/naehchstenliebe.de\/index.php?rest_route=\/wp\/v2\/pages\/29","targetHints":{"allow":["GET"]}}],"collection":[{"href":"http:\/\/naehchstenliebe.de\/index.php?rest_route=\/wp\/v2\/pages"}],"about":[{"href":"http:\/\/naehchstenliebe.de\/index.php?rest_route=\/wp\/v2\/types\/page"}],"author":[{"embeddable":true,"href":"http:\/\/naehchstenliebe.de\/index.php?rest_route=\/wp\/v2\/users\/1"}],"replies":[{"embeddable":true,"href":"http:\/\/naehchstenliebe.de\/index.php?rest_route=%2Fwp%2Fv2%2Fcomments&post=29"}],"version-history":[{"count":5,"href":"http:\/\/naehchstenliebe.de\/index.php?rest_route=\/wp\/v2\/pages\/29\/revisions"}],"predecessor-version":[{"id":296,"href":"http:\/\/naehchstenliebe.de\/index.php?rest_route=\/wp\/v2\/pages\/29\/revisions\/296"}],"wp:attachment":[{"href":"http:\/\/naehchstenliebe.de\/index.php?rest_route=%2Fwp%2Fv2%2Fmedia&parent=29"}],"curies":[{"name":"wp","href":"https:\/\/api.w.org\/{rel}","templated":true}]}}