{"id":26,"date":"2014-02-17T20:39:54","date_gmt":"2014-02-17T20:39:54","guid":{"rendered":"http:\/\/naehchstenliebe.de\/?page_id=26"},"modified":"2014-05-20T20:58:30","modified_gmt":"2014-05-20T20:58:30","slug":"anleitungen","status":"publish","type":"page","link":"http:\/\/naehchstenliebe.de\/?page_id=26","title":{"rendered":"Anleitungen"},"content":{"rendered":"<div class=\"fcbkbttn_buttons_block\" id=\"fcbkbttn_left\"><div class=\"fcbkbttn_like \"><fb:like href=\"http:\/\/naehchstenliebe.de\/?page_id=26\" action=\"like\" colorscheme=\"light\" layout=\"button_count\"  size=\"small\"><\/fb:like><\/div><\/div><p style=\"text-align:justify\">Alle Anleitungen bzw. Schnittmuster, die ihr hier findet, habe ich selbst erstellt und mit eigenen Fotos unterlegt. Die vorliegenden Dateien beinhalten kostenlose Anleitungen (in einigen F\u00e4llen Schnittmuster).<\/p>\n<p style=\"text-align:justify\">Solltet Ihr diese im Internet ver\u00f6ffentlichen oder sogar einzelne St\u00fccke verkaufen wollen, die nach diesen Schnitten gen\u00e4ht wurden, sind Quelle und Urheber des Ebooks zu nennen:<\/p>\n<p style=\"text-align:center;font-weight:bold;\">N\u00c4Hchstenliebe by Nicole Kroniger (http:\/\/www.naehchstenliebe.de)<\/p>\n<p style=\"text-align:justify;font-size:10px;font-weight:italic;\"> Alle Rechte an diesen Anleitungen liegen bei Nicole Kroniger. Es ist ausdr\u00fccklich erlaubt, gen\u00e4hte Einzelst\u00fccke zu verkaufen. Die Massenproduktion ist allerdings NICHT gestattet. F\u00fcr eventuelle Fehler in derAnleitung kann keine Haftung \u00fcbernommen werden<\/p>\n<p><a href=\"http:\/\/naehchstenliebe.de\/?page_id=79\"><span class=\"nl-subcategory-link-title\">Taschen<\/span><\/a><br \/>\n<a href=\"http:\/\/naehchstenliebe.de\/?page_id=82\"><span class=\"nl-subcategory-link-title\">Accessoires<\/span><\/a><br \/>\n<a href=\"http:\/\/naehchstenliebe.de\/?page_id=85\"><span class=\"nl-subcategory-link-title\">Wohnen &amp; Deko<\/span><\/a><br \/>\n<a href=\"http:\/\/naehchstenliebe.de\/?page_id=75\"><span class=\"nl-subcategory-link-title\">Kleidung<\/span><\/a><br \/>\n<a href=\"http:\/\/naehchstenliebe.de\/?page_id=669\"><span class=\"nl-subcategory-link-title\">Baby &amp; Kind<\/span><\/a><\/p>\n","protected":false},"excerpt":{"rendered":"<p>Alle Anleitungen bzw. Schnittmuster, die ihr hier findet, habe ich selbst erstellt und mit eigenen Fotos unterlegt. Die vorliegenden Dateien beinhalten kostenlose Anleitungen (in einigen F\u00e4llen Schnittmuster). Solltet Ihr diese im Internet ver\u00f6ffentlichen oder sogar einzelne St\u00fccke verkaufen wollen, die &hellip; <a href=\"http:\/\/naehchstenliebe.de\/?page_id=26\">Weiterlesen <span class=\"meta-nav\">&rarr;<\/span><\/a><\/p>\n","protected":false},"author":1,"featured_media":0,"parent":0,"menu_order":0,"comment_status":"closed","ping_status":"closed","template":"","meta":{"footnotes":""},"class_list":["post-26","page","type-page","status-publish","hentry"],"_links":{"self":[{"href":"http:\/\/naehchstenliebe.de\/index.php?rest_route=\/wp\/v2\/pages\/26","targetHints":{"allow":["GET"]}}],"collection":[{"href":"http:\/\/naehchstenliebe.de\/index.php?rest_route=\/wp\/v2\/pages"}],"about":[{"href":"http:\/\/naehchstenliebe.de\/index.php?rest_route=\/wp\/v2\/types\/page"}],"author":[{"embeddable":true,"href":"http:\/\/naehchstenliebe.de\/index.php?rest_route=\/wp\/v2\/users\/1"}],"replies":[{"embeddable":true,"href":"http:\/\/naehchstenliebe.de\/index.php?rest_route=%2Fwp%2Fv2%2Fcomments&post=26"}],"version-history":[{"count":12,"href":"http:\/\/naehchstenliebe.de\/index.php?rest_route=\/wp\/v2\/pages\/26\/revisions"}],"predecessor-version":[{"id":682,"href":"http:\/\/naehchstenliebe.de\/index.php?rest_route=\/wp\/v2\/pages\/26\/revisions\/682"}],"wp:attachment":[{"href":"http:\/\/naehchstenliebe.de\/index.php?rest_route=%2Fwp%2Fv2%2Fmedia&parent=26"}],"curies":[{"name":"wp","href":"https:\/\/api.w.org\/{rel}","templated":true}]}}