{"id":225,"date":"2014-02-21T22:26:27","date_gmt":"2014-02-21T22:26:27","guid":{"rendered":"http:\/\/naehchstenliebe.de\/?page_id=225"},"modified":"2014-12-01T22:06:36","modified_gmt":"2014-12-01T22:06:36","slug":"kissen","status":"publish","type":"page","link":"http:\/\/naehchstenliebe.de\/?page_id=225","title":{"rendered":"Kissen"},"content":{"rendered":"<div class=\"fcbkbttn_buttons_block\" id=\"fcbkbttn_left\"><div class=\"fcbkbttn_like \"><fb:like href=\"http:\/\/naehchstenliebe.de\/?page_id=225\" action=\"like\" colorscheme=\"light\" layout=\"button_count\"  size=\"small\"><\/fb:like><\/div><\/div><p><a href=\"http:\/\/naehchstenliebe.de\/wp-content\/uploads\/2014\/02\/2013-04-24-23.50.59.jpg\"><img loading=\"lazy\" decoding=\"async\" class=\"size-medium wp-image-224 alignleft\" title=\"Kissen &quot;Sunflower&quot;\" src=\"http:\/\/naehchstenliebe.de\/wp-content\/uploads\/2014\/02\/2013-04-24-23.50.59-300x225.jpg\" alt=\"Kissen &quot;Sunflower&quot;\" width=\"300\" height=\"225\" srcset=\"http:\/\/naehchstenliebe.de\/wp-content\/uploads\/2014\/02\/2013-04-24-23.50.59-300x225.jpg 300w, http:\/\/naehchstenliebe.de\/wp-content\/uploads\/2014\/02\/2013-04-24-23.50.59-1024x768.jpg 1024w, http:\/\/naehchstenliebe.de\/wp-content\/uploads\/2014\/02\/2013-04-24-23.50.59-400x300.jpg 400w\" sizes=\"auto, (max-width: 300px) 100vw, 300px\" \/><\/a><\/p>\n<p style=\"text-align: justify;\"><em><strong>Kissen &#8222;Sunflower&#8220;<\/strong><\/em><\/p>\n<p style=\"text-align: justify;\">Dieses Kissen war mein erstes selbstgen\u00e4htes Kissen. Es hat einen Rei\u00dfverschluss und ist mein ganzer Stolz.<\/p>\n<p>&nbsp;<\/p>\n<p>&nbsp;<\/p>\n<p style=\"text-align: justify;\"><a href=\"http:\/\/naehchstenliebe.de\/wp-content\/uploads\/2014\/02\/2013-06-19-10.34.16.jpg\"><img loading=\"lazy\" decoding=\"async\" class=\" wp-image-226 alignleft\" title=\"Kissen &quot;White Roses&quot;\" src=\"http:\/\/naehchstenliebe.de\/wp-content\/uploads\/2014\/02\/2013-06-19-10.34.16-300x225.jpg\" alt=\"Kissen &quot;White Roses&quot;\" width=\"344\" height=\"262\" \/><\/a><em><strong><br \/>\nKissen &#8222;White Roses&#8220;<\/strong><\/em><\/p>\n<p style=\"text-align: justify;\">Diese Kissen sind f\u00fcr meine Eltern gewesen. Sie sollten zu einer wei\u00dfen Stoffcouch passen. Nun liegen sie auf der neuen Ledercouch (orange-rot) und passen immer noch sehr gut dazu.<\/p>\n<p>&nbsp;<\/p>\n<p style=\"text-align: justify;\"><a href=\"http:\/\/naehchstenliebe.de\/wp-content\/uploads\/2014\/02\/2013-06-29-13.40.15.jpg\"><img loading=\"lazy\" decoding=\"async\" class=\"size-medium wp-image-361 alignleft\" title=\"Kissen Nashi\" src=\"http:\/\/naehchstenliebe.de\/wp-content\/uploads\/2014\/02\/2013-06-29-13.40.15-225x300.jpg\" alt=\"Kissen Nashi\" width=\"225\" height=\"300\" srcset=\"http:\/\/naehchstenliebe.de\/wp-content\/uploads\/2014\/02\/2013-06-29-13.40.15-225x300.jpg 225w, http:\/\/naehchstenliebe.de\/wp-content\/uploads\/2014\/02\/2013-06-29-13.40.15-768x1024.jpg 768w, http:\/\/naehchstenliebe.de\/wp-content\/uploads\/2014\/02\/2013-06-29-13.40.15.jpg 1920w\" sizes=\"auto, (max-width: 225px) 100vw, 225px\" \/><\/a><em><strong><br \/>\nKissen &#8222;Nashi&#8220;<\/strong><\/em><\/p>\n<p style=\"text-align: justify;\">Dieses Kissen war ein Geschenk f\u00fcr Freunde. Die Freundin mag die Farbe lila und ich fand, dass dieses Kissen hervorragend passt \ud83d\ude42<\/p>\n<p>&nbsp;<\/p>\n<p>&nbsp;<\/p>\n<p>&nbsp;<\/p>\n<p>&nbsp;<\/p>\n<p style=\"text-align: justify;\"><a href=\"http:\/\/naehchstenliebe.de\/wp-content\/uploads\/2014\/03\/Collage-Kissen.jpg\"><img loading=\"lazy\" decoding=\"async\" class=\"size-medium wp-image-477 alignleft\" title=\"Kissen Leaf and lemon\" src=\"http:\/\/naehchstenliebe.de\/wp-content\/uploads\/2014\/03\/Collage-Kissen-300x235.jpg\" alt=\"Kissen Leaf and lemon\" width=\"300\" height=\"235\" srcset=\"http:\/\/naehchstenliebe.de\/wp-content\/uploads\/2014\/03\/Collage-Kissen-300x235.jpg 300w, http:\/\/naehchstenliebe.de\/wp-content\/uploads\/2014\/03\/Collage-Kissen-1024x802.jpg 1024w, http:\/\/naehchstenliebe.de\/wp-content\/uploads\/2014\/03\/Collage-Kissen-382x300.jpg 382w\" sizes=\"auto, (max-width: 300px) 100vw, 300px\" \/><\/a><em><strong><br \/>\nKissen &#8222;Leaf and lemon&#8220;<\/strong><\/em><\/p>\n<p style=\"text-align: justify;\">Diese Kissen haben einen Hotelverschluss, da sie nur als Dekokissen f\u00fcr unsere Couch dienen sollten.<\/p>\n<p>&nbsp;<br \/>\n&nbsp;<br \/>\n&nbsp;<\/p>\n<p style=\"text-align: justify;\"><a href=\"http:\/\/naehchstenliebe.de\/wp-content\/uploads\/2014\/04\/Nerdy-Pillow.jpg\"><img loading=\"lazy\" decoding=\"async\" class=\"alignleft wp-image-603 size-medium\" src=\"http:\/\/naehchstenliebe.de\/wp-content\/uploads\/2014\/04\/Nerdy-Pillow-300x219.jpg\" alt=\"Nerdy Pillow\" width=\"300\" height=\"219\" srcset=\"http:\/\/naehchstenliebe.de\/wp-content\/uploads\/2014\/04\/Nerdy-Pillow-300x219.jpg 300w, http:\/\/naehchstenliebe.de\/wp-content\/uploads\/2014\/04\/Nerdy-Pillow-1024x747.jpg 1024w, http:\/\/naehchstenliebe.de\/wp-content\/uploads\/2014\/04\/Nerdy-Pillow-410x300.jpg 410w\" sizes=\"auto, (max-width: 300px) 100vw, 300px\" \/><\/a><em><strong>&#8222;Nerdy Pillow&#8220;<\/strong><\/em><\/p>\n<p style=\"text-align: justify;\"><span data-ft=\"{&quot;tn&quot;:&quot;K&quot;}\" data-reactid=\".1m.1:3:1:$comment282912168552210_282912678552159:0.0.$right.0.$left.0.0.0:$comment-body\"><span class=\"UFICommentBody\" data-reactid=\".1m.1:3:1:$comment282912168552210_282912678552159:0.0.$right.0.$left.0.0.0:$comment-body.0\"><span data-reactid=\".1m.1:3:1:$comment282912168552210_282912678552159:0.0.$right.0.$left.0.0.0:$comment-body.0.$end:0:$0:0\">Ein Patchwork-Kissen mit Hotelverschluss.<\/span><\/span><\/span> Entstanden ist es f\u00fcr meinen Mann, der Informatiker ist \ud83d\ude42<\/p>\n<p>&nbsp;<br \/>\n&nbsp;<br \/>\n&nbsp;<br \/>\n&nbsp;<br \/>\n&nbsp;<br \/>\n&nbsp;<\/p>\n<p style=\"text-align: justify;\"><a href=\"http:\/\/naehchstenliebe.de\/wp-content\/uploads\/2014\/02\/Ruffly-Cushion.jpg\"><img loading=\"lazy\" decoding=\"async\" class=\"alignleft wp-image-1063 size-medium\" src=\"http:\/\/naehchstenliebe.de\/wp-content\/uploads\/2014\/02\/Ruffly-Cushion-224x300.jpg\" alt=\"Ruffly Cushion\" width=\"224\" height=\"300\" srcset=\"http:\/\/naehchstenliebe.de\/wp-content\/uploads\/2014\/02\/Ruffly-Cushion-224x300.jpg 224w, http:\/\/naehchstenliebe.de\/wp-content\/uploads\/2014\/02\/Ruffly-Cushion-767x1024.jpg 767w, http:\/\/naehchstenliebe.de\/wp-content\/uploads\/2014\/02\/Ruffly-Cushion.jpg 1346w\" sizes=\"auto, (max-width: 224px) 100vw, 224px\" \/><\/a><em><strong>&#8222;Ruffly Cushion&#8220;<\/strong><\/em><\/p>\n<p style=\"text-align: justify;\">Diese <span data-ft=\"{&quot;tn&quot;:&quot;K&quot;}\" data-reactid=\".d.1:3:1:$comment364703147039778_364703580373068:0.0.$right.0.$left.0.0.1:$comment-body\"><span class=\"UFICommentBody\" data-reactid=\".d.1:3:1:$comment364703147039778_364703580373068:0.0.$right.0.$left.0.0.1:$comment-body.0\"><span data-reactid=\".d.1:3:1:$comment364703147039778_364703580373068:0.0.$right.0.$left.0.0.1:$comment-body.0.$end:0:$0:0\">zwei Kissen (40 x 40 und 50 x 50) haben selbstgen\u00e4hte R\u00fcschen. Damit der Bezug waschbar ist, befindet sich auf der R\u00fcckseite ein Rei\u00dfverschluss.<\/span><\/span><\/span><\/p>\n","protected":false},"excerpt":{"rendered":"<p>Kissen &#8222;Sunflower&#8220; Dieses Kissen war mein erstes selbstgen\u00e4htes Kissen. Es hat einen Rei\u00dfverschluss und ist mein ganzer Stolz. &nbsp; &nbsp; Kissen &#8222;White Roses&#8220; Diese Kissen sind f\u00fcr meine Eltern gewesen. Sie sollten zu einer wei\u00dfen Stoffcouch passen. Nun liegen sie &hellip; <a href=\"http:\/\/naehchstenliebe.de\/?page_id=225\">Weiterlesen <span class=\"meta-nav\">&rarr;<\/span><\/a><\/p>\n","protected":false},"author":2,"featured_media":0,"parent":0,"menu_order":0,"comment_status":"closed","ping_status":"closed","template":"","meta":{"footnotes":""},"class_list":["post-225","page","type-page","status-publish","hentry"],"_links":{"self":[{"href":"http:\/\/naehchstenliebe.de\/index.php?rest_route=\/wp\/v2\/pages\/225","targetHints":{"allow":["GET"]}}],"collection":[{"href":"http:\/\/naehchstenliebe.de\/index.php?rest_route=\/wp\/v2\/pages"}],"about":[{"href":"http:\/\/naehchstenliebe.de\/index.php?rest_route=\/wp\/v2\/types\/page"}],"author":[{"embeddable":true,"href":"http:\/\/naehchstenliebe.de\/index.php?rest_route=\/wp\/v2\/users\/2"}],"replies":[{"embeddable":true,"href":"http:\/\/naehchstenliebe.de\/index.php?rest_route=%2Fwp%2Fv2%2Fcomments&post=225"}],"version-history":[{"count":11,"href":"http:\/\/naehchstenliebe.de\/index.php?rest_route=\/wp\/v2\/pages\/225\/revisions"}],"predecessor-version":[{"id":1064,"href":"http:\/\/naehchstenliebe.de\/index.php?rest_route=\/wp\/v2\/pages\/225\/revisions\/1064"}],"wp:attachment":[{"href":"http:\/\/naehchstenliebe.de\/index.php?rest_route=%2Fwp%2Fv2%2Fmedia&parent=225"}],"curies":[{"name":"wp","href":"https:\/\/api.w.org\/{rel}","templated":true}]}}