{"id":1053,"date":"2014-12-01T21:51:54","date_gmt":"2014-12-01T21:51:54","guid":{"rendered":"http:\/\/naehchstenliebe.de\/?page_id=1053"},"modified":"2015-02-04T11:19:43","modified_gmt":"2015-02-04T11:19:43","slug":"utensilo","status":"publish","type":"page","link":"http:\/\/naehchstenliebe.de\/?page_id=1053","title":{"rendered":"Utensilo"},"content":{"rendered":"<div class=\"fcbkbttn_buttons_block\" id=\"fcbkbttn_left\"><div class=\"fcbkbttn_like \"><fb:like href=\"http:\/\/naehchstenliebe.de\/?page_id=1053\" action=\"like\" colorscheme=\"light\" layout=\"button_count\"  size=\"small\"><\/fb:like><\/div><\/div><div>\n<p style=\"text-align: justify;\"><a href=\"http:\/\/naehchstenliebe.de\/wp-content\/uploads\/2014\/12\/2013-04-08-15.20.12.jpg\"><img loading=\"lazy\" decoding=\"async\" class=\"alignleft wp-image-1054 size-medium\" src=\"http:\/\/naehchstenliebe.de\/wp-content\/uploads\/2014\/12\/2013-04-08-15.20.12-225x300.jpg\" alt=\"Utensilo\" width=\"225\" height=\"300\" srcset=\"http:\/\/naehchstenliebe.de\/wp-content\/uploads\/2014\/12\/2013-04-08-15.20.12-225x300.jpg 225w, http:\/\/naehchstenliebe.de\/wp-content\/uploads\/2014\/12\/2013-04-08-15.20.12-768x1024.jpg 768w, http:\/\/naehchstenliebe.de\/wp-content\/uploads\/2014\/12\/2013-04-08-15.20.12.jpg 1920w\" sizes=\"auto, (max-width: 225px) 100vw, 225px\" \/><\/a><\/p>\n<p style=\"text-align: justify;\"><em><strong>Utensilo &#8222;Flower-Power&#8220;<\/strong><\/em><\/p>\n<p style=\"text-align: justify;\">Dieses Utensilo dient f\u00fcr allerlei Kosmetikutensilien im Bad. \ud83d\ude42 Von au\u00dfen aus Wachstuch, von innen aus Baumwolle.<\/p>\n<\/div>\n<div style=\"display: table;\">\n<p style=\"text-align: justify;\"><a href=\"http:\/\/naehchstenliebe.de\/wp-content\/uploads\/2014\/12\/Gaudy-Butterflies.jpg\"><img loading=\"lazy\" decoding=\"async\" class=\"alignleft wp-image-1055 size-medium\" src=\"http:\/\/naehchstenliebe.de\/wp-content\/uploads\/2014\/12\/Gaudy-Butterflies-300x265.jpg\" alt=\"Gaudy Butterflies\" width=\"300\" height=\"265\" srcset=\"http:\/\/naehchstenliebe.de\/wp-content\/uploads\/2014\/12\/Gaudy-Butterflies-300x265.jpg 300w, http:\/\/naehchstenliebe.de\/wp-content\/uploads\/2014\/12\/Gaudy-Butterflies-1024x906.jpg 1024w, http:\/\/naehchstenliebe.de\/wp-content\/uploads\/2014\/12\/Gaudy-Butterflies-338x300.jpg 338w\" sizes=\"auto, (max-width: 300px) 100vw, 300px\" \/><\/a><\/p>\n<p style=\"text-align: justify;\"><strong><em>Utensilo &#8222;Gaudy Butterflies&#8220;<\/em><\/strong><\/p>\n<p style=\"text-align: justify;\">Dieses Utensilo dient als Brotk\u00f6rbchen. An den Ecken befinden sich jeweils Kn\u00f6pfe zur Zierde. Damit es leicht zu pflegen ist, besteht es innen aus Wachstuch.<\/p>\n<\/div>\n<div style=\"display: table;\">\n<p style=\"text-align: justify;\"><a href=\"http:\/\/naehchstenliebe.de\/wp-content\/uploads\/2014\/12\/Rose-Fleures-Utensilo.jpg\"><img loading=\"lazy\" decoding=\"async\" class=\"alignleft wp-image-1140 size-medium\" src=\"http:\/\/naehchstenliebe.de\/wp-content\/uploads\/2014\/12\/Rose-Fleures-Utensilo-300x174.jpg\" alt=\"Rose Fleures\" width=\"300\" height=\"174\" srcset=\"http:\/\/naehchstenliebe.de\/wp-content\/uploads\/2014\/12\/Rose-Fleures-Utensilo-300x174.jpg 300w, http:\/\/naehchstenliebe.de\/wp-content\/uploads\/2014\/12\/Rose-Fleures-Utensilo-1024x596.jpg 1024w, http:\/\/naehchstenliebe.de\/wp-content\/uploads\/2014\/12\/Rose-Fleures-Utensilo-500x291.jpg 500w, http:\/\/naehchstenliebe.de\/wp-content\/uploads\/2014\/12\/Rose-Fleures-Utensilo.jpg 1721w\" sizes=\"auto, (max-width: 300px) 100vw, 300px\" \/><\/a><em><strong>Utensilo &#8222;Rose-Fleures&#8220;<\/strong><\/em><\/p>\n<p style=\"text-align: justify;\">Ein rundes Utensilo. Ideal als Aufbewahrungsbeh\u00e4ltnis f\u00fcr K\u00fcche, Bad etc. Durch die runde Form passt sehr viel hinein.<\/p>\n<\/div>\n","protected":false},"excerpt":{"rendered":"<p>Utensilo &#8222;Flower-Power&#8220; Dieses Utensilo dient f\u00fcr allerlei Kosmetikutensilien im Bad. \ud83d\ude42 Von au\u00dfen aus Wachstuch, von innen aus Baumwolle. Utensilo &#8222;Gaudy Butterflies&#8220; Dieses Utensilo dient als Brotk\u00f6rbchen. An den Ecken befinden sich jeweils Kn\u00f6pfe zur Zierde. Damit es leicht zu &hellip; <a href=\"http:\/\/naehchstenliebe.de\/?page_id=1053\">Weiterlesen <span class=\"meta-nav\">&rarr;<\/span><\/a><\/p>\n","protected":false},"author":2,"featured_media":0,"parent":0,"menu_order":0,"comment_status":"open","ping_status":"open","template":"","meta":{"footnotes":""},"class_list":["post-1053","page","type-page","status-publish","hentry"],"_links":{"self":[{"href":"http:\/\/naehchstenliebe.de\/index.php?rest_route=\/wp\/v2\/pages\/1053","targetHints":{"allow":["GET"]}}],"collection":[{"href":"http:\/\/naehchstenliebe.de\/index.php?rest_route=\/wp\/v2\/pages"}],"about":[{"href":"http:\/\/naehchstenliebe.de\/index.php?rest_route=\/wp\/v2\/types\/page"}],"author":[{"embeddable":true,"href":"http:\/\/naehchstenliebe.de\/index.php?rest_route=\/wp\/v2\/users\/2"}],"replies":[{"embeddable":true,"href":"http:\/\/naehchstenliebe.de\/index.php?rest_route=%2Fwp%2Fv2%2Fcomments&post=1053"}],"version-history":[{"count":6,"href":"http:\/\/naehchstenliebe.de\/index.php?rest_route=\/wp\/v2\/pages\/1053\/revisions"}],"predecessor-version":[{"id":1141,"href":"http:\/\/naehchstenliebe.de\/index.php?rest_route=\/wp\/v2\/pages\/1053\/revisions\/1141"}],"wp:attachment":[{"href":"http:\/\/naehchstenliebe.de\/index.php?rest_route=%2Fwp%2Fv2%2Fmedia&parent=1053"}],"curies":[{"name":"wp","href":"https:\/\/api.w.org\/{rel}","templated":true}]}}